4*t**3/3 + 3*t**2/2 - 3*t - 1. Suppose 0 = 4*a + 53 - 13. Let j = a - -5. What is f(j)?
7
Let a(t) = -t + 1. Suppose -8*j + 4*j - 4 = -5*w, -5*j + 5*w - 10 = 0. Give a(j).
7
Let p(s) = 2*s + 9. Suppose -2*i = 2*i + 24. What is p(i)?
-3
Let j be (8/(-10))/(4/30). Let g(r) be the first derivative of -r**3/3 - 9*r**2/2 - 8*r - 11. Give g(j).
10
Let b(s) = s**2 - 7*s + 5. Let d(h) = h**3 - 5*h**2. Let k be d(5). Let p = k + -1. Let v = p - -6. What is b(v)?
-5
Let p(l) be the second derivative of -l**5/20 + l**3/6 - l**2 - 6*l. What is p(0)?
-2
Let f(l) be the second derivative of l**3/6 + l**2/2 + 9*l. Determine f(3).
4
Let r be 11*(2 + -1)*1. Let x = -5 + r. Let g(c) = 2*c - 4. What is g(x)?
8
Let m(p) = -p**3 + p**2 + p. Suppose -5*r - 25 = 0, 25 = z - 4*r + 4. Suppose -2 = f + z. Let q be f/(-12) + 9/(-4). Calculate m(q).
10
Let k = -196 + 196. Let t(q) be the second derivative of -q**8/6720 + q**6/720 + q**4/12 + q. Let j(o) be the third derivative of t(o). What is j(k)?
0
Let a(u) = 0 - u**2 - u - 1 - 2*u. Let m = -45 - -40. What is a(m)?
-11
Suppose 4*q + 12 = -0*q. Let a(b) = -b**2 - 9*b + 14. Let v be a(-10). Let x = q + v. Let t(s) = -6*s**2 - 1. What is t(x)?
-7
Let c(n) be the second derivative of -7*n**3/6 - n**2/2 - 28*n + 2. Calculate c(-2).
13
Let n(p) = 2*p**2 + 10*p - 1. Let d(u) = u**2 + 7*u - 1. Let k be (-7)/((-3)/(0 + -3)). Let l(x) = k*d(x) + 5*n(x). What is l(-2)?
12
Let y(k) be the first derivative of 0*k - 1/2*k**2 - 1/3*k**3 - 4. What is y(0)?
0
Let f(p) = 15*p**2 + 25*p - 11. Let x(g) = 7*g**2 + 12*g - 5. Let l(o) = -6*f(o) + 13*x(o). Give l(-6).
1
Let f(u) = 7*u**2 + 9*u**2 - 3*u - 13*u**2 + 2. What is f(2)?
8
Let x(d) = d**2 + 2*d - 3. Let q = -9 + 7. Let g be q/6 - (-88)/(-24). Determine x(g).
5
Suppose x + 4*h - 20 = -2*x, -5*x - 2*h = -24. Suppose -25 = x*v - 5*p, 3 = -2*p + 5. Let n(c) = 2*c + 4. What is n(v)?
-6
Let h(o) = 9*o - o - 4 - 10*o**3 + 7*o**2 + 9*o**3. Give h(8).
-4
Let q(b) be the third derivative of -b**5/60 + b**4/12 + 2*b**3/3 + b**2. Let g be q(4). Let z = 3 + g. Let h(u) = 7*u. Determine h(z).
-7
Let j(a) = 2*a + 1. Let i be (-30)/5 + 2 + -1 + 1. Determine j(i).
-7
Let t(o) = -3*o + 2. Let v(s) = 2*s - 1. Let i(h) = -h**2 - 7*h - 9. Let r be i(-6). Let p(g) = r*t(g) - 5*v(g). Determine p(6).
-7
Let s(z) = -2*z**2 - 2*z + 3. Let w(k) = 4*k**2 + 3*k - 6. Let g(h) = -7*s(h) - 4*w(h). Give g(-2).
-9
Let z(j) = -3*j - 3. Let s = 34 - 16. Let c be (-1)/(-1) - s/3. Calculate z(c).
12
Let v(j) be the first derivative of -3*j**2/2 + 2*j + 1. Let l(p) = -p - 8. Let b be l(-6). Let o be (-15)/3*b/(-5). Give v(o).
8
Let m(o) = -o - 8. Let t be 58/(-8) + 4/16. Let u be m(t). Let y(b) = -8*b**3 - 1. Determine y(u).
7
Let x(p) = -7*p**2 - 5*p - 4. Let z(a) = a**2. Let r = -15 - -9. Let i(j) = r*z(j) - x(j). Suppose 2*n - n = -5. Calculate i(n).
4
Suppose 0 = -2*k - 2 + 6. Suppose 0 = k*a - 0 + 2, 2*o + 5*a + 1 = 0. Let u be -1 - (o/(-1) + -1). Let n(y) = -y**2 + 2. Give n(u).
-2
Suppose -8 = -4*s - 2*o, 0 = o + 2 - 0. Suppose -4*q + q + s = -x, -4*q = 4*x + 28. Let z(d) = d**2 + 5*d - 4. What is z(x)?
2
Let z(a) be the third derivative of 0 - 1/3*a**3 - 3*a**2 + 1/4*a**4 + 0*a. Give z(2).
10
Let x(o) = o**2 - 2. Let f be 92/8 + (-1)/(-2). Let c be f/(-66) + (-2)/(-11). Let h be x(c). Let y(l) = -2*l. What is y(h)?
4
Let i(v) = 4*v**2 + v - 2. Let k(g) be the third derivative of g**6/120 + g**5/12 + g**4/6 - g**3/3 + 7*g**2. Let p be k(-4). Determine i(p).
12
Suppose 0*f = f. Suppose f*o + 4*o = -5*v + 37, -o = 3*v - 18. Let s(m) = -2*m - 4. Calculate s(o).
-10
Let p(s) = 3*s + 2. Let v(g) = -g**3 - 7*g**2 + 8*g - 3. Let d be v(-8). Determine p(d).
-7
Suppose 0*y - 5*y = 3*r - 31, -y = 4*r - 13. Suppose -r*x - 12 = x. Let z(n) = n**2 + 5*n - 1. Determine z(x).
-5
Let t(q) = 3*q**3 - 2*q**2 + 1. Let o be t(1). Suppose 2*k + o = 8. Let v(y) = 4 - 8*y**k + y**2 - 4. Give v(1).
-7
Let r(h) = 6*h**3 + 3*h**2 - 5*h - 1. Let q(d) = -7*d**3 - 3*d**2 + 6*d + 1. Let z be (18/(-15))/(2/(-10)). Let j(t) = z*r(t) + 5*q(t). Give j(-1).
1
Let i(h) = h**3 - 3*h**2 + 4*h - 4. Let c be i(2). Let r(p) be the third derivative of -p**6/120 - p**5/60 + p**4/24 - 4*p**3/3 - 3*p**2. What is r(c)?
-8
Suppose 11*i - 10 = 16*i. Let p(l) = l**3 + 2*l**2 - 2*l - 2. What is p(i)?
2
Let s(k) = 3*k + 2. Let a(h) = 4*h + 3. Let x(i) = 5*a(i) - 6*s(i). Determine x(-2).
-1
Suppose 2*n = g + 9, 24 = 2*n + 3*n - 4*g. Suppose -2*j + 4*j - 4 = 2*q, q = 5*j - 22. Let c(a) = q*a - 2*a - 12 + 3. Give c(n).
-5
Suppose g = 3*g - 4*q - 18, -4*q + 24 = 4*g. Let c(l) be the second derivative of -l**3/6 + 3*l**2 - 5*l. Determine c(g).
-1
Let r(i) = -9*i**3 + 14*i**2 - 16*i + 5. Let o(n) = 4*n**3 - 7*n**2 + 8*n - 3. Let v(p) = -7*o(p) - 3*r(p). Determine v(6).
-6
Let s(q) = -q**3 - 6*q**2 - 4*q + 7. Let i be s(-5). Let z(o) = 2*o**2 + 3 + 0 - i*o + 0 - 1 + o**3. What is z(-3)?
-1
Let q(p) be the first derivative of p**2/2 + 6*p + 1. Let r be q(-5). Let g(t) = -4*t**2 + t. Calculate g(r).
-3
Let h = 3 + -2. Let i = 14 + -21. Let t(y) = 6*y**3 - 7*y**2 + 2*y + 6. Let r(m) = 6*m**3 - 6*m**2 + 2*m + 5. Let s(z) = i*r(z) + 6*t(z). Give s(h).
-7
Let y(j) = 10*j + 6. Let v(q) = q + 1. Let t be (1/(-2))/(2/(-24)). Let k(i) = t*v(i) - y(i). Let p be (3/6)/((-2)/4). What is k(p)?
4
Let w(i) = -i**2 + 3*i + 18. Let t be w(-3). Let q(f) = -f**3 - 14. Give q(t).
-14
Let y(x) = x**3 - 2*x + 8*x**2 + 9 + 5*x - 6*x + 11*x. What is y(-7)?
2
Suppose -2*w - 5*l = -4, 0 = 6*l - 5*l. Suppose w*h = -0*h. Let o(m) = m + 3. Determine o(h).
3
Let l(b) = b**2 - 2*b + 1. Let u be (-1*1)/((-5)/5). Calculate l(u).
0
Let i(b) be the second derivative of b**6/720 - b**5/24 - b**4/6 + 5*b. Let k(s) be the third derivative of i(s). Determine k(-4).
-9
Let l be 6/4*-2 + 6. Suppose 3*a = 3*m - 9, l = 4*m + a - 9. Let b(s) = 4*s**2 - 8. Let w(j) = -j**2 + 2. Let p(d) = -2*b(d) - 9*w(d). Determine p(m).
7
Let o(x) = -2*x**3 + 33*x**2 + 5 - 4*x - 36*x**2 + 3*x**3. Let v(g) = g + 8. Let k be v(-4). Give o(k).
5
Let c(p) = -p - 1. Let t(l) = -l**3 - 6*l**2 + 7*l - 2. Let m be t(-7). Determine c(m).
1
Let y(w) = 5*w**3 + 3*w**2 - 2*w + 2. Let c(z) = 9*z**3 + 5*z**2 - 4*z + 3. Let d(j) = 3*c(j) - 5*y(j). Determine d(-1).
-1
Suppose 0*r - 12 = -2*r. Let k be -3 - r/((-6)/3). Let u(s) = -s**3 - s - 10. Determine u(k).
-10
Let z(m) = 6 + 2*m**2 - 4 - 3*m**2. Suppose 0 = -3*j + 4*j - 3. Calculate z(j).
-7
Let g(f) = -60*f + 28*f + 4 + 31*f. What is g(11)?
-7
Suppose 2*k + 3*k + 10 = -o, 0 = -5*o - 2*k - 4. Suppose o = -3*u + 2*u. Let v(x) be the second derivative of -x**5/20 + x**4/12 - x**2 - x. What is v(u)?
-2
Let a(x) be the third derivative of -x**4/24 - 2*x**3/3 - 4*x**2. Let l be (-2)/(-2 + 0)*-1. Let g be 3/(0/(-1) + l). Determine a(g).
-1
Let m(v) be the first derivative of v**4/2 + v**3 - 11*v**2/2 - 3*v - 3. Let g(i) = i**3 + 2*i**2 - 6*i - 2. Let r(n) = 5*g(n) - 3*m(n). Give r(2).
1
Let s(l) = 1. Let d(x) = x - 3. Let w(b) = d(b) + 4*s(b). Give w(-4).
-3
Let s(c) be the second derivative of c**4/6 + c**3/3 + c**2/2 + 8*c. What is s(2)?
13
Let u(r) be the second derivative of 7*r**4/12 + 4*r. Let a(x) = -x**3 + 3*x**2 - 4*x + 3. Let p be a(2). Calculate u(p).
7
Let h be (-32)/(-14) - 2/7. Let v(u) = 3*u**3 - 5*u - 2. Let o = 6 - 7. Let j(d) = d**3 - d**2 - d. Let b(m) = h*j(m) + o*v(m). What is b(-3)?
2
Let j(r) be the first derivative of -4*r**3/3 - 3*r**2 - 6*r + 5. Let y(o) = -3*o**2 - 5*o - 5. Let l(w) = -4*j(w) + 5*y(w). Let i = -6 + 4. Give l(i).
5
Let d(u) be the third derivative of 0*u + u**2 + 5/6*u**3 + 1/60*u**5 + 5/24*u**4 + 0. Let w be 6/(-21) + 66/(-14). Give d(w).
5
Let u be 12*((1 - -1) + (-35)/14). Let s(q) be the first derivative of 1/2*q**2 + 2*q - 1. Calculate s(u).
-4
Let n(w) = 3*w**3 - 46 - 21*w**2 - w + 20*w**2 + 22 + 23. Let k be -1*2*2/4. Give n(k).
-4
Let l(j) = j - 2. Let q(w) = w + 9. Let b be q(-4). Calculate l(b).
3
Let u(v) = 3*v + 5. Suppose 0*x + 30 = -5*x. Let n = 2 + x. What is u(n)?
-7
Let w(g) be the first derivative of g**2 + 2*g + 1/3*g**3 - 1. Let k(m) be the first derivative of w(m). What is k(3)?
8
Suppose 0 = -2*p - 0*p. Let z(u) be the first derivative of 5*u + 1/4*u**4 + p*u**2 + 1 + 4/3*u**3. Calculate z(-4).
5
Let l(q) = -q**2 + q + 1. Let a(